s the units digit of a?
7
What is the hundreds digit of -2 - ((-1684)/(-5)*-4)/(15/75)?
7
Let g(p) be the third derivative of 53*p**5/60 + p**4/6 - 9*p**3/2 - 151*p**2. What is the tens digit of g(4)?
3
Suppose 6*c - 12 = 3*o + 2*c, 0 = 2*o - 2*c + 6. Let w(s) = 2*s**3 + 57*s - 58*s + s**2 + 107 - s**3. What is the units digit of w(o)?
7
Let g(q) = -133*q - 164*q + 401*q + 24. What is the tens digit of g(4)?
4
What is the hundreds digit of (32848/6 + 1)*(4 + 3 + -4)?
4
Let a = -18 - 2. Let d(n) = 2*n**2 + 15*n - 33. What is the hundreds digit of d(a)?
4
Let y(h) = -82*h**3 - 6*h**2 - 16*h - 86. What is the thousands digit of y(-5)?
0
Suppose -g + 1 = -3*q - 9, -5*g + 5 = 0. Let l be (1 + 113/q)*(-12)/10. Suppose l = x - 0*b - b, 174 = 4*x - 5*b. What is the units digit of x?
6
Let b(m) = -m + 10. Let i be b(8). Suppose i*w - 4 = -4. Suppose 4*g - 5*o - 360 = -w*o, -3*g + 293 = 2*o. What is the units digit of g?
5
Let c be ((-18326)/(-33))/14 + 4/(-6). Suppose -23*f + 53196 = c*f. What is the tens digit of f?
5
Let v(s) = s**3 + 16*s**2 + 16*s + 21. Let d be v(-15). Let i be 98 - ((-2)/(-6))/((-1)/d). Let t = i - 89. What is the units digit of t?
1
Let a(k) = 13*k**2 + 13*k - 32. Let p be ((-10)/3)/((-110)/132). What is the tens digit of a(p)?
2
Let z(f) = f**3 + 41*f**2 + 30*f - 10. Let c be z(-21). Suppose -10*b + c = -2090. What is the units digit of b?
7
Let r be -3 - (-6 + 6/2). Let m(b) be the first derivative of -b**2/2 + 62*b - 5. What is the units digit of m(r)?
2
Let v(s) = -s**2 - 13*s + 15. Let p = -27 + 63. Suppose 4*h + 4 = -p. What is the units digit of v(h)?
5
Let v = 2370 + -767. Suppose -4*d + 2*t = -2926, 0 = 5*d + 5*t - v - 2032. What is the units digit of d?
0
Let q be (6/(-1) + 2)*2. Let h be (30/q)/(-3) - 9/(-12). What is the units digit of h/5 + 78/5?
6
Let v(x) = -x**3 - 33*x**2 - 30*x + 68. Let m be v(-32). Suppose m*a + 1027 - 2563 = 0. What is the units digit of a?
4
Let o(m) = 709*m - 3151. What is the tens digit of o(44)?
4
Let t(k) be the first derivative of -7*k**6/60 + k**4/6 + k**3/6 + 5*k**2 + 21. Let m(g) be the second derivative of t(g). What is the hundreds digit of m(-2)?
1
Suppose 0 = k - 174 + 6. Suppose 5*g = 13*g - k. What is the units digit of g?
1
Let p(o) be the third derivative of o**5/20 - 3*o**4/4 + 16*o**3/3 + 8*o**2 + 7. What is the hundreds digit of p(17)?
5
Suppose 13*g - 9*g + o + 4564 = 0, -4*g + o - 4564 = 0. Let b = -313 - g. What is the units digit of b?
8
Let q be -4 + 4/(-2) + 4. Let r be (q/(-3))/(16/72). Suppose r*h - 558 = -4*j, 5*h - 3*j - 939 = -9. What is the tens digit of h?
8
Let v(r) be the first derivative of -84*r**4 - 2*r**3/3 - r**2/2 + 91. What is the hundreds digit of v(-1)?
3
Let a(y) = -13683*y - 928. What is the thousands digit of a(-3)?
0
Let m be (-11 - -3)*2/(-8). What is the units digit of 866/m - (-12)/(-2)?
7
Let k(d) = 90*d - 27. Let b be k(-3). Let s = b + 426. What is the hundreds digit of s?
1
Let t(d) = -26 + 5 - 54 - 50 + 28*d. What is the tens digit of t(13)?
3
Let f(w) = -23*w - 7. Let v be f(-12). Let y = 798 - v. What is the units digit of y?
9
Let y be ((-329)/2)/(-7)*4/2. Let z(d) = 49 - 50*d - y*d + 103*d. What is the units digit of z(-6)?
3
Suppose 0 = -14*c + 8*c + 30. Suppose 5*j - 25 = p, -c*p = 2*j - 0*j + 17. Suppose j*u = -2*q + 266, 4*u + 3*q + 79 = 340. What is the tens digit of u?
6
Suppose d + 3*s = -136 - 24, 5*s = -3*d - 464. Let l = 78 + d. Let p = 16 - l. What is the units digit of p?
6
Let p(d) = d**3 - 3*d**2 - 2*d - 8. Let n be p(4). Suppose t = -n*t + 2. What is the tens digit of 57 + 0 - (-5 - (-12)/t)?
5
Let c = 13 + -7. Suppose c*g - 740 - 442 = 0. What is the units digit of g?
7
Let g(u) = -u**2 - 10*u + 79. Let v be g(-15). Suppose -15 = 4*q - 3, 0 = z + v*q - 671. What is the tens digit of z?
8
Suppose 8*t = 10*t + 34. Let q(w) = -w**3 - 18*w**2 - 25*w - 58. What is the units digit of q(t)?
8
Suppose 5*a - 2*a + 90 = 0. Let j be 1/10 - 297/a. Suppose j*w = 69 + 41. What is the units digit of w?
1
Let v = -92 - -100. Suppose -2*x - 5*i - 315 = -v*i, 5*x + 3*i = -798. Let c = -11 - x. What is the tens digit of c?
4
Let b = -31 - -47. Suppose 14*y + 2402 = b*y - 4*f, -4*y = -4*f - 4808. What is the hundreds digit of y?
2
Suppose o - 32571 = -2*l - 3074, 29509 = 2*l - 3*o. What is the hundreds digit of l?
7
Let i be 6/(-2) + 2 + -874. Let k = i + 1334. What is the tens digit of k?
5
Suppose 28 = -402*a + 409*a. Suppose 5*f - 3*f - a*s - 768 = 0, -5*f + 3*s + 1948 = 0. What is the tens digit of f?
9
Let k(z) = 272*z + 12. Let m(r) = -3*r**2 + 21*r + 3. Let i be m(7). What is the units digit of k(i)?
8
Suppose 2*p + 15 = -3*p. Let w be 3/(-1) - p*(196 - 3). What is the units digit of ((-5)/10)/((-2)/w)?
4
Let s(h) = h**2 + 15*h + 69. Let x be s(-8). Suppose -x*j - 976 = -17*j. What is the hundreds digit of j?
2
Let p = 113 + -167. Suppose 143*c - 8483 = 2385. Let y = p + c. What is the tens digit of y?
2
Suppose 5*q = 3*k + 7 + 5, -3*q = 3*k + 12. Suppose q = 71*r - 74*r + 903. What is the hundreds digit of r?
3
Let r(a) = -a**3 + 6*a**2 + 9*a - 14. Let i be r(7). Suppose 0 = -21*p + 22*p - f - 820, 3*p - f - 2456 = i. What is the units digit of p?
8
Suppose 2*b = 3*d + 339 + 699, 2*b = -5*d - 1746. Let i be (0 + 1 - -1) + 494. Let x = d + i. What is the tens digit of x?
4
Let d = 319 - 76. Let o = -24 + d. What is the tens digit of o?
1
Let k(d) = -1. Let q(w) = 61*w + 5. Let g(o) = -6*k(o) - q(o). Let a(p) = -p**2 - 7*p + 17. Let z be a(-9). What is the tens digit of g(z)?
6
Suppose -3*n = -n. Suppose n = 3*f - 5*x + 1, -5*x = 3*f - 19. Suppose -2*h = f*h - 295. What is the units digit of h?
9
Suppose -15*n + 18920 = -39385. What is the thousands digit of n?
3
Let y be (21/(-14))/(3/(-2) + 0). What is the units digit of y/2 - -31*(-49)/(-14)?
9
Let i(y) = 166*y**2 - 19*y + 18. What is the thousands digit of i(6)?
5
Let x(s) be the third derivative of -13*s**4/24 + s**3/3 - 329*s**2. Let k be ((-2)/6 - -1)*-9. What is the units digit of x(k)?
0
What is the units digit of 9598 + (14 - 5) + -11?
6
Let i(f) = f**2 + 7*f - 18. Let q be 9/(3/(-1)) - (0 - 45). Suppose 6 - q = -6*y. What is the units digit of i(y)?
0
Let y = 27 - -57. Let b be 2 + 9/(-3) - -106. Let u = b - y. What is the tens digit of u?
2
Let w(d) = -12*d. Let f be w(-14). Suppose -5*x - g - f + 549 = 0, 5*x - 384 = -4*g. Suppose -18*v + 17*v = -x. What is the units digit of v?
6
Suppose -14*s = -9*s - 2280. Suppose 7*y + y + s = 0. Let t = 69 + y. What is the tens digit of t?
1
Suppose 2870*l + 52283 = 2871*l. What is the ten thousands digit of l?
5
Let m = 66 + -62. Let y(k) = 7*k**2 + k - 1. Let n be y(2). Suppose -m*t = -f + n, -4*f + 0*t = -4*t - 116. What is the tens digit of f?
2
Suppose 462020 = 40*o + 94260. What is the hundreds digit of o?
1
Let m(f) = -315*f**3 + 4*f**2 - f + 1. Let i(c) = c**3 + c**2 + 1. Let g(d) = -3*i(d) + m(d). What is the units digit of g(-1)?
8
Let r(c) = 8*c**3 - 2*c**2 + 2*c + 3. Let j(y) = y**3 + 3*y**2 - 9*y + 3. Let p be j(-5). Let q be 2/(-2)*p/1. What is the units digit of r(q)?
3
Let l be (13/26)/(1/604). Let w = 36 + l. What is the units digit of w?
8
Let x = 965 + -687. Let h = x + 725. What is the thousands digit of h?
1
Let w(f) = f**3 + 12*f**2 - 28*f + 11. Let p be w(-14). Let b = p - -13. Let c = 98 + b. What is the hundreds digit of c?
1
Suppose -4*z - 9 = -25, 0 = -v + z - 4. Suppose v = 5*l - 94 + 9. Suppose l = 2*y - 15. What is the units digit of y?
6
Suppose 2*i = -4*u + 260804, 31*i - 33*i - 260804 = -4*u. What is the ten thousands digit of u?
6
Suppose 6*w + 42 - 78 = 0. Suppose w*l - 100 = l. What is the tens digit of l?
2
Let x = 625 + -353. Let k = -147 + x. What is the tens digit of k?
2
Suppose 152889 - 33689 = 10*j. What is the tens digit of j?
2
Let z = 356 - 105. Let g = z + 70. What is the hundreds digit of g?
3
Let t be (-28)/(-42)*(-12531)/(-2). Suppose -12*s + t = -395. What is the hundreds digit of s?
3
Suppose 1152581 = 133*h + 93997 - 2241013. What is the ten thousands digit of h?
2
Let i(n) = 5*n**2 + 2*n + 3. Let j be i(-4). Suppose -13*h - 5697 = -64*h - 750. Let c = h + j. What is the hundreds digit of c?
1
Let j be (-327430)/2466 - 4/54*3. Let z = j - -153. What is the tens digit of z?
